ist the prime factors of 55637.
23, 41, 59
List the prime factors of 363762.
2, 3, 7, 2887
What are the prime factors of 447807?
3, 149269
What are the prime factors of 1653387?
3, 551129
What are the prime factors of 64928?
2, 2029
List the prime factors of 249826.
2, 23, 5431
What are the prime factors of 2307727?
37, 97, 643
What are the prime factors of 19611418?
2, 9805709
What are the prime factors of 13840890?
2, 3, 5, 7, 17, 3877
What are the prime factors of 69391?
7, 23, 431
List the prime factors of 1131950.
2, 5, 22639
List the prime factors of 6304173.
3, 2101391
List the prime factors of 180916.
2, 31, 1459
What are the prime factors of 5114127?
3, 17, 149, 673
What are the prime factors of 18406?
2, 9203
List the prime factors of 542428.
2, 135607
What are the prime factors of 1726933?
13, 71, 1871
List the prime factors of 34667401.
34667401
List the prime factors of 848244.
2, 3, 70687
What are the prime factors of 28615851?
3, 11, 289049
What are the prime factors of 10647322?
2, 7, 31, 24533
What are the prime factors of 591151?
11, 61, 881
List the prime factors of 10357145.
5, 2071429
What are the prime factors of 30245940?
2, 3, 5, 79, 709
What are the prime factors of 760352?
2, 23761
What are the prime factors of 555127?
181, 3067
What are the prime factors of 148067?
19, 7793
What are the prime factors of 496514?
2, 248257
What are the prime factors of 621742?
2, 11, 59, 479
List the prime factors of 2124761.
2124761
List the prime factors of 2917313.
7, 29, 2053
What are the prime factors of 233477?
233477
What are the prime factors of 685974?
2, 3, 114329
List the prime factors of 395283.
3, 7, 2689
What are the prime factors of 26327301?
3, 7, 11, 13, 797
List the prime factors of 186908.
2, 46727
List the prime factors of 42821.
42821
What are the prime factors of 2223047?
2223047
List the prime factors of 5412858.
2, 3, 11, 82013
What are the prime factors of 202163?
13, 15551
What are the prime factors of 10945382?
2, 7, 17, 45989
List the prime factors of 19384890.
2, 3, 5, 7, 13187
What are the prime factors of 1898894?
2, 47, 20201
List the prime factors of 81779.
53, 1543
What are the prime factors of 7649093?
2069, 3697
What are the prime factors of 469662?
2, 3, 78277
List the prime factors of 5614137.
3, 207931
What are the prime factors of 17170112?
2, 268283
List the prime factors of 7814133.
3, 199, 4363
List the prime factors of 1176706.
2, 17, 53, 653
List the prime factors of 10418118.
2, 3, 19, 91387
What are the prime factors of 3243953?
131, 24763
What are the prime factors of 308436?
2, 3, 25703
What are the prime factors of 438936?
2, 3, 18289
What are the prime factors of 1020195?
3, 5, 11, 229
What are the prime factors of 2865?
3, 5, 191
What are the prime factors of 23302919?
311, 74929
List the prime factors of 980269.
41, 23909
What are the prime factors of 790863?
3, 263621
What are the prime factors of 952761?
3, 317587
List the prime factors of 96820.
2, 5, 47, 103
What are the prime factors of 215339?
17, 53, 239
List the prime factors of 5474138.
2, 23, 59, 2017
List the prime factors of 8907806.
2, 4453903
What are the prime factors of 16371604?
2, 47, 87083
What are the prime factors of 975189?
3, 325063
List the prime factors of 14377.
11, 1307
What are the prime factors of 981660?
2, 3, 5, 16361
What are the prime factors of 4553051?
1697, 2683
What are the prime factors of 3472366?
2, 79, 21977
List the prime factors of 767935.
5, 7, 37, 593
List the prime factors of 2945318.
2, 17, 86627
List the prime factors of 780136.
2, 7, 13931
What are the prime factors of 129938?
2, 64969
List the prime factors of 14024865.
3, 5, 31, 30161
List the prime factors of 350597.
13, 149, 181
List the prime factors of 1088853.
3, 362951
List the prime factors of 2071392.
2, 3, 21577
What are the prime factors of 1828925?
5, 7, 1493
List the prime factors of 451076.
2, 23, 4903
List the prime factors of 4342308.
2, 3, 23, 15733
List the prime factors of 196096.
2, 383
List the prime factors of 177136.
2, 11071
List the prime factors of 405972.
2, 3, 7, 179
List the prime factors of 1557232.
2, 97327
What are the prime factors of 19460933?
19460933
What are the prime factors of 15322404?
2, 3, 1276867
What are the prime factors of 154791?
3, 7, 13
List the prime factors of 822716.
2, 89, 2311
What are the prime factors of 26739003?
3, 1283, 6947
List the prime factors of 16320855.
3, 5, 61, 17837
What are the prime factors of 5982631?
67, 89293
List the prime factors of 2614815.
3, 5, 7, 2767
What are the prime factors of 423001?
423001
List the prime factors of 970345.
5, 194069
List the prime factors of 154661.
13, 11897
List the prime factors of 528287.
23, 103, 223
List the prime factors of 2623578.
2, 3, 437263
List the prime factors of 4083338.
2, 7, 263, 1109
What are the prime factors of 63877?
11, 5807
List the prime factors of 51042.
2, 3, 47, 181
What are the prime factors of 546167?
151, 3617
What are the prime factors of 348825?
3, 5, 4651
List the prime factors of 1475519.
23, 64153
List the prime factors of 22668.
2, 3, 1889
What are the prime factors of 106299?
3, 31, 127
List the prime factors of 216835.
5, 17, 2551
List the prime factors of 1005116.
2, 7, 35897
List the prime factors of 2064155.
5, 412831
List the prime factors of 286887.
3, 95629
What are the prime factors of 2204717?
577, 3821
What are the prime factors of 9665085?
3, 5, 59, 67, 163
What are the prime factors of 1591042?
2, 379, 2099
What are the prime factors of 17298?
2, 3, 31
What are the prime factors of 2513984?
2, 11, 3571
List the prime factors of 103276.
2, 25819
List the prime factors of 321134.
2, 11, 1327
List the prime factors of 17640098.
2, 7, 180001
List the prime factors of 3963642.
2, 3, 660607
What are the prime factors of 3365691?
3, 7, 293, 547
List the prime factors of 514659.
3, 171553
List the prime factors of 8907065.
5, 17, 104789
What are the prime factors of 1091466?
2, 3, 60637
What are the prime factors of 6260678?
2, 53, 59063
List the prime factors of 3163665.
3, 5, 210911
List the prime factors of 275892.
2, 3, 83, 277
What are the prime factors of 341313?
3, 7, 16253
List the prime factors of 3373766.
2, 11, 153353
What are the prime factors of 17665099?
499, 35401
What are the prime factors of 533882?
2, 31, 79, 109
List the prime factors of 274722.
2, 3, 7, 31, 211
What are the prime factors of 230013?
3, 7, 1217
List the prime factors of 5119812.
2, 3, 142217
List the prime factors of 103832.
2, 12979
What are the prime factors of 10920694?
2, 373, 14639
What are the prime factors of 543684?
2, 3, 45307
List the prime factors of 590577.
3, 13, 19, 797
What are the prime factors of 115390?
2, 5, 11, 1049
What are the prime factors of 1102233?
3, 11, 127, 263
List the prime factors of 15773610.
2, 3, 5, 19, 27673
List the prime factors of 1423238.
2, 439, 1621
List the prime factors of 135551.
13, 10427
What are the prime factors of 214200?
2, 3, 5, 7, 17
What are the prime factors of 514139?
73, 7043
List the prime factors of 4128694.
2, 1283, 1609
What are the prime factors of 354746?
2, 7, 25339
What are the prime factors of 233593?
191, 1223
What are the prime factors of 2814959?
7, 402137
What are the prime factors of 68563?
11, 23, 271
What are the prime factors of 114727?
47, 2441
What are the prime factors of 7232416?
2, 226013
List the prime factors of 4012627.
4012627
What are the prime factors of 151548?
2, 3, 73, 173
List the prime factors of 677783.
677783
List the prime factors of 590620.
2, 5, 29531
What are the prime factors of 31966457?
113, 282889
List the prime factors of 1423672.
2, 251, 709
List the prime factors of 2224482.
2, 3, 13, 19, 79
List the prime factors of 105991.
83, 1277
List the prime factors of 314531.
7, 131
List the prime factors of 89704.
2, 11213
What are the prime factors of 343747?
139, 2473
List the prime factors of 445273.
59, 7547
List the prime factors of 3952413.
3, 439157
List the prime factors of 60809.
7, 17, 73
What are the prime factors of 13223416?
2, 17, 97231
What are the prime factors of 41315?
5, 8263
List the prime factors of 4503395.
5, 13, 79, 877
List the prime factors of 4731133.
11, 19, 22637
What are the prime